Suppose 2*g - 3*g - 20 = -3*m, -4 = -2*m - 4*g. Is j(m) a composite number?
False
Let w be (8/(-10))/(4/(-10)). Suppose 5 = w*j - 3. Suppose -j*o + 31 = -3*n, -2*o + 5*n = 2*o - 33. Is o prime?
True
Let f(r) = 219*r + 38. Is f(11) composite?
False
Let g(i) = -6*i. Let c be g(-5). Let z = c - -4. Is z a composite number?
True
Suppose 3*i - 2*i - 777 = 0. Suppose 2*x + x = i. Is x a prime number?
False
Is -3 - (388 + 2)/(-3) prime?
True
Is 9540/14 + 9/(-21) a composite number?
True
Let b(i) = -5*i + 6. Let l be b(-6). Suppose 2*u - 3*q = 18, u - 5*u - 5*q = -l. Is u composite?
True
Suppose -4*o = -4*a - 28, 2*a - o = 2*o - 19. Let n = 0 - a. Suppose -4*r + 0*r = n*y - 18, 53 = 5*y + 2*r. Is y prime?
True
Let h(v) be the first derivative of v**2/2 - 6*v + 2. Let a be h(9). Suppose a*y + 4 - 61 = 0. Is y prime?
True
Is 1778/(-3 - -2 - -3) a prime number?
False
Let m = 429 - 83. Is m composite?
True
Suppose 24*o + 10473 = 27*o. Is o a prime number?
True
Is (-1)/(-6) - 915/(-18) a prime number?
False
Suppose -7*h + 1618 = y - 5*h, 4*y - 6472 = -4*h. Is y composite?
True
Let j(m) = -117*m + 2. Is j(-9) a prime number?
False
Is (-3768)/(-6) - (-5 + 0 + 2) composite?
False
Suppose -5*a = 4*d - 30, -5*a + 18 = 3*d - 12. Let p(v) = 2*v**3 - 4*v**2 + 2*v + 7. Is p(a) a prime number?
True
Suppose -130 = -3*v + 581. Is v composite?
True
Suppose 0 = 3*o - 18. Suppose 2*w = 3*p + 39, -o*w + 3*w = 4*p - 16. Is w*-2*3/(-12) a composite number?
True
Let k(t) = 15*t - 8. Is k(3) prime?
True
Let r(y) = 2*y**2 + 6*y - 5. Is r(4) a composite number?
True
Let v(l) = 8*l**3 + 3*l**2 + l + 1. Let k be (6/(-9))/((-8)/36). Is v(k) composite?
True
Let s = 7 - 10. Let k = 24 - s. Suppose 0 = -2*i + d + 210, -2*i - 3*d + k = -167. Is i prime?
True
Let m be -1 + 5/(0 - -1). Let k be (4146/8)/(1/(-4)). Is k/(-27) - m/(-18) composite?
True
Let r be (-44)/(-2) + (-2)/(-2). Suppose -h + 4*h - s - 10 = 0, 4*s - 8 = -4*h. Suppose 0 = 3*o + 2*b - h*b - 69, o - 5*b - r = 0. Is o a prime number?
True
Let x be (-24)/(-20)*10/3. Suppose x*p + 65 = 197. Is p a composite number?
True
Suppose 4*m - 491 = -5*j + m, 3*m = 2*j - 188. Is j a composite number?
False
Let x be 2/(-2 - 24/(-10)). Let b = x + 139. Is (-2)/(-2 - b/(-74)) prime?
True
Suppose -6*c = -c - 20. Suppose -d = 5*u - 102, c*d - 392 = -3*u - u. Is d composite?
False
Let q be (1 + -2)/((-1)/32). Let w be (3 + -15)/((-2)/q). Suppose k - 6*k = f - 308, 3*k - 3*f = w. Is k a prime number?
False
Let a(o) = 23*o - 11. Is a(6) a composite number?
False
Suppose 2*r + z - 27 = 2*z, -2*r + 36 = -4*z. Let u be -1*2*1 - -6. Suppose -s + u*s = r. Is s composite?
True
Let c be (225/(-12))/(9/24). Let h = c + 871. Is h a composite number?
False
Let i be ((-727)/(-3))/(2/6). Suppose 0 = -3*h + 152 + i. Is h prime?
True
Is 6/2*2524/12 a prime number?
True
Let u = 8 + -10. Is 6/u - (-92)/1 a composite number?
False
Is -1 + 5 - (-1683)/9 prime?
True
Suppose 15 = -l - 4*l. Let x(f) = 34*f**2 - 2*f - 4. Let u be x(l). Suppose -4*t = -0*t - u. Is t a prime number?
False
Suppose a - 4 = -a. Let h(w) = 3*w**3 - w**2 + w - 1. Is h(a) a composite number?
True
Let n be 4/1*562/8. Let g = n - 120. Is g prime?
False
Suppose 4*p - 2*y - 18 = 0, p + 5*y + 8 = -4. Suppose -6*v + p*v = -21. Is v prime?
True
Let x = -3 + 5. Is ((-534)/12)/(x/(-28)) composite?
True
Is (1 - 5/4)*-1796 prime?
True
Suppose 10 + 8 = 2*p. Suppose p*g = 5*g + 716. Is g a prime number?
True
Let y(t) = -17*t - 2. Let k be (1 + -4)/(0 - -1). Is y(k) a composite number?
True
Let w = 221 - -86. Is w a prime number?
True
Let q = 2 - -2. Suppose 0 = -q*k + 3*k + 40. Let p = k + -2. Is p prime?
False
Let l(c) = c + 8. Let w be l(-6). Let u(x) = 2*x**3 - 2*x + 2. Is u(w) a composite number?
True
Let t(q) = q**3 - 6*q**2 - q + 3. Let j be t(6). Let c = 45 - 71. Let u = j - c. Is u a composite number?
False
Suppose 5*z - 5 = 0, -2 = -4*o + 4*z + 10. Let b be 6/(18/o + -3). Let s(u) = 31*u - 2. Is s(b) a prime number?
False
Let l(q) = -q**3 - 6*q**2 - 3*q + 1. Let f be l(-7). Let p(h) = -3*h**2 + 6*h + 7. Let i be p(5). Let t = i + f. Is t a composite number?
True
Suppose b + 3*l = l + 3, 3*l + 3 = 0. Suppose -6*z + b*z + 359 = 0. Is z prime?
True
Let o(d) = -d**3 - 4*d**2 + 8*d + 9. Let c be (-8)/((-3)/6*-2). Is o(c) composite?
True
Suppose 8*h = 161 + 207. Is h prime?
False
Let q = 8 + -5. Suppose -q*s = s - 40. Is ((-5)/s)/(2/(-124)) a composite number?
False
Let i = -136 + 354. Suppose -3*c + i = -c. Is c a prime number?
True
Is ((-796)/(-6))/((-34)/(-255)) a composite number?
True
Let b = -23 - -23. Let w(q) = q**3 - 7*q**2 + 3. Let a be w(7). Suppose -a*r + 122 + 205 = b. Is r a prime number?
True
Let x = 12 - 22. Let h be ((-6)/x)/(2/10). Suppose p = h*d - 2*d - 26, -2*d + 72 = 2*p. Is d prime?
True
Let x(d) be the third derivative of -d**6/60 + d**5/60 - d**4/24 + d**3/6 + d**2. Is x(-2) composite?
False
Let h(y) = 3*y + 53*y**2 + 11*y**2 - 17*y**2 - 4. Let q be h(3). Suppose -q = -4*s - 40. Is s a composite number?
False
Suppose 2*h + 5*o - 8 = -1, 2*h - 3*o = -1. Let a be 1 + (h + 85 - -1). Suppose v - a = -3*v - 4*r, 53 = 2*v + 5*r. Is v composite?
False
Let g be (-3*73)/((-12)/(-8)). Let j be 1 - 1/(2/g). Let i = 123 - j. Is i a composite number?
True
Suppose 0*y = -4*m + 2*y - 1282, -2*y - 2 = 0. Let f = -110 - m. Is f composite?
False
Suppose -3*s - 1 + 25 = 0. Let j(q) = 122 - 4 + 17 - s - q. Is j(0) a composite number?
False
Suppose -5*s = -25 - 20. Let t(i) = -i**2 + 11*i - 1. Let j be t(6). Suppose 0 = 5*f - j + s. Is f a prime number?
False
Suppose -4*q = -0*a + 5*a - 528, 0 = -3*q + 3*a + 369. Is q a composite number?
False
Let p(v) = -v. Let l(j) = -8*j + 5. Let i(h) = l(h) - 6*p(h). Suppose 5*k - 7 = -32. Is i(k) a prime number?
False
Let p(n) = -n**3 + n**2 - n + 3. Let z be p(0). Suppose a - q = 6, z*q - 18 = -a + q. Let g = 47 - a. Is g a composite number?
False
Suppose 3*a - a - 4 = 0. Suppose m + g = 3*m - 2, 4*m + a*g = -4. Suppose m*c + 115 = 5*c. Is c a composite number?
False
Suppose 0 = -5*c - 3*l + 260, -3*c - 4*l = -0*l - 145. Is c a composite number?
True
Suppose -4*h + 4*i + 27344 = 0, 21275 = 2*h - 4*i + 7613. Is h prime?
True
Suppose -3*j - 5*d = 4, -d - 3*d = 8. Let o(i) = 7*i**j - i + 0*i + 3*i. Is o(3) composite?
True
Suppose 5*j + 0*j = 5, 22 = 2*h - 2*j. Let y(s) = s + 108. Let z be y(0). Suppose -4*g = h, 0*g - z = -3*o + 5*g. Is o prime?
True
Let f(n) = -7*n - 1. Let p(a) = a - 9. Let z be p(7). Is f(z) prime?
True
Let f(b) = -b**3 - 4*b**2 - 7*b + 13. Is f(-9) prime?
False
Suppose 48*a - 50*a + 164 = 0. Is a prime?
False
Let q be 0 + 1*(11 - -1). Suppose -2*t = g - 5, -3*t - 4*g + g = -q. Is -62*t/2*-1 composite?
False
Let o = 7 + 21. Let h = o + 57. Is h prime?
False
Suppose -6714 = 6*n - 15*n. Is n prime?
False
Let v be 1 + 20 - (-1)/(-1). Let t = v - 66. Let m = t - -83. Is m a prime number?
True
Let k(b) = 61*b + 26. Is k(5) composite?
False
Let q = -1429 - -3419. Suppose 4*g = -3*l + q, -2*l - 3286 = -5*g - 787. Is g prime?
True
Let a(v) = 7*v**2 - 6*v - 23. Is a(-6) prime?
False
Suppose -21 = 2*k + 9. Is (k/12)/(2/(-136)) prime?
False
Let w(o) = 2*o + 1259. Is w(0) prime?
True
Let o be (-1)/(-2*3/18). Let w(n) = 18*n - 3. Is w(o) a prime number?
False
Suppose 768 = o + 5*y, 0*y + 4*y - 20 = 0. Is o composite?
False
Is 2 - -207*1/((-4)/(-20)) a prime number?
False
Let y(w) be the third derivative of 13*w**4/12 + 2*w**3/3 - 2*w**2. Let p be y(4). Suppose 0 = -3*n - 3*b + 171, 2*n - b - p = -0*n. Is n a prime number?
False
Suppose 5*k - 5921 - 2746 = 2*o, -2*k + 3467 = -o. Is k composite?
False
Let b(q) = -q**2 + 3. Let f(c) = 2*c**2 - c - 10. Let x(g) = -7*b(g) - 2*f(g). Let i be x(-2). Suppose r - i + 4 = 0. Is r prime?
True
Let a(z) = 0*z + z**3 - 4*z + 13 - 5*z**2 - 6 + 0*z. Is a(7) a prime number?
False
Let h = -2 + 17. Is h a composite number?
True
Let m(y) = -9*y - 19. Let r(q) = -4*q - 9. Let s(a) = -6*m(a) + 13*r(a). Let z be s(2). Let l(d) = 9*d**2 + 2*d - 1. Is l(z) composite?
True
Let t(f) = 14*f**2 - 6*f - 21. Is t(10) composite?
False
Let a = 1 + 1. Let r(o) = -o + 2*o**a + o + 1 - 3*o - 7*o**3. Is r(-3) prime?
False
Let v(a) = -2*a - 1. Let d be v(-8). Let u = -5 + d. Suppose 0 = c - 151 - u. Is c composite?
True
Let b = -3 +